5
1085
-5656 (base 12) to base 6
-112150
What is -300000 (base 5) in base 16?
-249f
Convert -141 (base 5) to base 12.
-3a
Convert -31230 (base 5) to base 6.
-13321
Convert -35010 (base 8) to base 13.
-69ba
What is 5223 (base 10) in base 14?
1c91
What is -221102 (base 4) in base 8?
-5122
142 (base 10) to base 2
10001110
-37 (base 10) to base 14
-29
Convert -13033 (base 6) to base 16.
-7ad
31440 (base 5) to base 12
1288
-120002 (base 3) to base 7
-1121
What is 115025 (base 6) in base 7?
41435
What is 4330 (base 7) in base 3?
2010001
Convert -3024 (base 7) to base 8.
-2027
-3a3 (base 16) to base 3
-1021111
15305 (base 7) to base 6
31432
What is 9037 (base 13) in base 9?
30161
What is 235 (base 9) in base 16?
c2
Convert 32b (base 14) to base 8.
1163
Convert 1255 (base 10) to base 13.
757
What is 3102 (base 9) in base 15?
a15
Convert -1221002022 (base 3) to base 11.
-26589
Convert 3123 (base 5) to base 12.
2a5
Convert -2000211 (base 3) to base 11.
-1126
What is -57a (base 13) in base 7?
-2521
Convert 211121000 (base 3) to base 13.
765c
1255 (base 11) to base 15
73d
What is -5520 (base 6) in base 15?
-59c
Convert 240010 (base 5) to base 10.
8755
Convert 12201112 (base 3) to base 7.
15110
Convert -14707 (base 8) to base 5.
-202344
Convert 7217 (base 11) to base 4.
2111221
-1662 (base 7) to base 14
-369
Convert 6a9 (base 15) to base 2.
10111100101
What is -10b94 (base 13) in base 7?
-155020
What is -2112 (base 3) in base 6?
-152
What is 10100110000010 (base 2) in base 15?
3236
Convert 563 (base 10) to base 12.
3ab
What is 130240 (base 6) in base 4?
2313300
Convert -623 (base 15) to base 9.
-1806
Convert 4310 (base 7) to base 5.
22101
Convert -681 (base 11) to base 13.
-4a9
Convert -1120 (base 6) to base 2.
-100001000
Convert 111002122 (base 3) to base 13.
4466
1021100 (base 3) to base 12
653
Convert 1002011 (base 3) to base 7.
2203
50501 (base 9) to base 6
413431
What is 1125 (base 7) in base 10?
411
Convert bc1f (base 16) to base 7.
260256
Convert 555 (base 10) to base 6.
2323
What is -2477 (base 9) in base 11?
-1434
What is -1103201 (base 6) in base 9?
-83581
Convert 461 (base 9) to base 12.
277
What is -43400 (base 5) in base 15?
-d35
Convert 14011 (base 5) to base 9.
1486
Convert 313442 (base 5) to base 8.
24401
Convert 735 (base 8) to base 11.
3a4
What is 47855 (base 10) in base 13?
18a22
What is -244011 (base 6) in base 5?
-1142412
What is 3200441 (base 5) in base 6?
1050302
What is -14941 (base 13) in base 16?
-980b
What is 113230 (base 4) in base 8?
2754
Convert -52d3 (base 14) to base 16.
-37d9
24360 (base 7) to base 10
6363
Convert 21c (base 14) to base 15.
1cd
What is -2350 (base 7) in base 4?
-31210
What is 120201 (base 6) in base 3?
112022201
Convert -abe7 (base 15) to base 16.
-8e5a
What is 30 (base 7) in base 4?
111
Convert -10a (base 15) to base 3.
-22201
What is -1000101110 (base 2) in base 4?
-20232
Convert -324102 (base 6) to base 14.
-9abc
Convert 151 (base 10) to base 9.
177
Convert -422a6 (base 11) to base 12.
-2b780
Convert -300143 (base 5) to base 10.
-9423
What is 79b (base 12) in base 6?
5115
-2501 (base 6) to base 2
-1001100101
-156 (base 9) to base 8
-204
What is -19819 (base 10) in base 8?
-46553
310 (base 8) to base 2
11001000
What is 2369 (base 15) in base 9?
11280
-121114 (base 5) to base 4
-1012312
Convert -111010110110 (base 2) to base 7.
-13660
Convert e7 (base 16) to base 14.
127
Convert -1225 (base 6) to base 12.
-215
Convert -1010111111100001 (base 2) to base 13.
-17656
What is -112111 (base 3) in base 7?
-1066
-60 (base 7) to base 9
-46
Convert -399 (base 13) to base 6.
-2533
What is -6226 (base 7) in base 11?
-16a9
What is -154 (base 11) in base 13?
-10b
What is 70456 (base 8) in base 3?
1110202010
What is 22344 (base 5) in base 4?
120333
Convert 36a (base 16) to base 3.
1012101
Convert -3351 (base 6) to base 5.
-11122
Convert 34 (base 13) to base 2.
101011
What is 43c1 (base 14) in base 12?
6959
-a218 (base 11) to base 2
-11010100000011
Convert -4251 (base 11) to base 6.
-42010
What is -111001000001 (base 2) in base 14?
-1489
What is 3ddc (base 14) in base 13?
4cc2
Convert 691 (base 15) to base 7.
4222
256a5 (base 11) to base 4
20332222
Convert -a3b (base 16) to base 14.
-d51
Convert -13230030 (base 4) to base 12.
-16290
-1b574 (base 13) to base 3
-2201121201
Convert 1100202 (base 4) to base 15.
17d9
What is -4121212 (base 5) in base 6?
-1234241
171 (base 12) to base 15
104
What is -10011020020 (base 3) in base 16?
-f2b5
4029 (base 10) to base 15
12d9
-201112 (base 3) to base 15
-252
Convert a63 (base 12) to base 15.
6b0
Convert cd (base 16) to base 2.
11001101
Convert 52713 (base 8) to base 9.
33113
Convert -2000 (base 6) to base 5.
-3212
What is 20100 (base 6) in base 7?
10443
Convert -2422022 (base 5) to base 14.
-126d0
Convert -11362 (base 7) to base 12.
-1847
6335 (base 14) to base 2
100001011001011
What is -330 (base 13) in base 16?
-222
What is 767a (base 12) in base 4?
3023332
What is -21011201 (base 3) in base 6?
-40114
Convert -200200200 (base 3) to base 13.
-6282
1002445 (base 6) to base 16
b89d
Convert 3497 (base 15) to base 11.
8432
What is 9664 (base 12) in base 3?
211121211
Convert 15cbc (base 13) to base 5.
2313404
What is -345 (base 7) in base 8?
-264
What is -767 (base 15) in base 2?
-11010001000
What is -399 (base 11) in base 6?
-2103
Convert 41826 (base 12) to base 11.
5955a
What is -299d (base 16) in base 8?
-24635
Convert 2277 (base 12) to base 14.
157d
-104141 (base 5) to base 2
-111001010111
Convert -1c11 (base 14) to base 10.
-5111
25665 (base 9) to base 14
6448
What is 3120 (base 5) in base 13?
257
-11010001110001 (base 2) to base 3
-200102020
What is -224 (base 11) in base 12?
-1a4
Convert 71454 (base 8) to base 5.
1420414
What is -1132113 (base 4) in base 14?
-22b5
What is 230114 (base 7) in base 5?
2302002
Convert 5a8c (base 15) to base 14.
7037
What is 115406 (base 7) in base 4?
11022011
8361 (base 11) to base 13
5072
What is 211313 (base 4) in base 10?
2423
-956 (base 13) to base 7
-4433
Convert -222 (base 8) to base 11.
-123
Convert -63a (base 12) to base 13.
-550
Convert -2510 (base 7) to base 12.
-662
Convert 15075 (base 8) to base 6.
51033
Convert 430 (base 14) to base 2.
1100111010
Convert 200121122 (base 3) to base 14.
4d35
What is -2256 (base 7) in base 5?
-11300
Convert -5957 (base 11) to base 16.
-1e7e
What is 323 (base 13) in base 2?
1000011000
What is -12f (base 16) in base 14?
-179
What is -37325 (base 10) in base 9?
-56172
Convert -1039 (base 11) to base 3.
-1212212
Convert 1132 (base 4) to base 6.
234
Convert -1000021201 (base 3) to base 16.
-4db3
Convert 74 (base 8) to base 15.
40
Convert -16763 (base 12) to base 14.
-ba31
3130 (base 4) to base 15
ea
What is -11a0 (base 11) in base 13?
-932
-1 (base 2) to base 3
-1
What is -7b64 (base 16) in base 13?
-114bb
Convert -2370a (base 13) to base 14.
-19922
4472 (base 9) to base 5
101210
Convert -249 (base 16) to base 4.
-21021
What is 14a58 (base 11) in base 8?
51366
Convert -6251 (base 10) to base 5.
-200001
What is -6041 (base 8) in base 15?
-dc0
What is -3d7 (base 14) in base 6?
-3333
832 (base 10) to base 3
1010211
5522 (base 8) to base 12
1816
Convert 1101001110000100 (base 2) to base 7.
313603
103323 (base 6) to base 8
20543
What is -6423 (base 7) in base 16?
-8df
What is -15521 (base 8) in base 10?
-6993
3b1 (base 16) to base 8
1661
What is -b03 (base 16) in base 8?
-5403
Convert 687 (base 9) to base 15.
27a
Convert -b0 (base 12) to base 4.
-2010
Convert 243234 (base 6) to base 7.
116422
-2011123 (base 5) to base 10
-32038
-115656 (base 7) to base 4
-11030022
Convert -100100100111011 (base 2) to base 13.
-86c1
2323 (base 13) to base 9
6677
What is 1379 (base 10) in base 4?
111203
-709 (base 10) to base 6
-3141
What is d4 (base 16) in base 4?
3110
Convert 3525 (base 6) to base 15.
3b5
Convert -57 (base 15) to base 5.
-312
Convert -2200010200 (base 3) to base 12.
-26523
Convert -53 (base 13) to base 11.
-62
1052 (base 9) to base 16
308
Convert 518b (base 14) to base 16.
36d7
Convert -251 (base 15) to base 6.
-2234
What is 300033 (base 4) in base 14?
11a7
What is -1231331 (base 4) in base 3?
-100122122
What is fdf (base 16) in base 8?
7737
-d8 (base 14) to base 9
-231
1161d (base 15) to base 10
55378
-123201 (bas